i(w) = -7*w - 70. Let h be i(-12). What is the greatest common factor of m and h?
14
Let i = 1 - -13. Suppose -3*r - 3*h = 2670, 0 = -3*r + 2*h - 1947 - 743. Let k be r/(-8) - (-7)/28. Calculate the greatest common divisor of i and k.
14
Let y be 1/(1/(-2))*42/(-28). Suppose -4*w - 121 = -y*i, 3*i - 65 - 28 = -3*w. What is the greatest common divisor of i and 14?
7
Suppose -4*a - 13 = m, 5*m - a = 3*a + 7. Let h be 0 + m/((-2)/24). Suppose -17 = 31*q - 761. What is the greatest common factor of h and q?
12
Let s(k) = k**3 - 3*k**2 - 4*k + 7. Let u = -67 + 71. Let b be s(u). What is the greatest common divisor of 56 and b?
7
Suppose 0 = 20*w - 24*w - 3*n + 156, -w + 56 = 5*n. Calculate the greatest common factor of w and 27.
9
Let q = 17 + -16. Let z be q/1 - (-2 - 39). Let g(a) = 19*a + 2. Let x be g(1). What is the greatest common divisor of x and z?
21
Let a(q) = 5*q + 254. Let o be a(-6). What is the greatest common factor of o and 196?
28
Suppose -2*k - 36 = -3*k - 2*b, -76 = -2*k - 2*b. Suppose -9*q + 811 + 89 = 0. Calculate the greatest common factor of q and k.
20
Suppose 4*a - 84 = -4. What is the greatest common factor of a and 80?
20
Suppose 68*t - 30 = 63*t. Suppose 14 = 2*b - t. Calculate the greatest common factor of 70 and b.
10
Suppose 3*k + 2*k - 15 = -5*q, -5*q + 3*k = 17. Let x be (2 - -34) + (-4)/q. What is the highest common divisor of x and 440?
40
Let k be 1/3 - (-10 + (-170)/30). Calculate the highest common divisor of 56 and k.
8
Let j(z) = 5*z**2 - 16*z + 3. Let p be j(14). What is the greatest common factor of 33 and p?
33
Let g(l) = -15*l - 24. Let z be g(-4). Suppose 2*i = -12 + z. What is the highest common divisor of 36 and i?
12
Let x(y) = y**2 + y - 9. Let k be x(8). Let u be 18 - (-3)/3 - 0. Suppose -4*q + u = -9. What is the greatest common divisor of q and k?
7
Suppose 2*l = -4*d + 456, 4*l - d - 569 = 388. What is the greatest common divisor of l and 68?
34
Suppose 1944 = 7*y + 11*y. What is the greatest common divisor of y and 27?
27
Let w be (-2 - 2) + (-2)/(-2). Let z be (1/w)/(7/(-189)). Let p(v) = 8*v**2 + 3*v - 2. Let o be p(2). Calculate the greatest common factor of o and z.
9
Let z = -977 + 1029. What is the greatest common divisor of 1924 and z?
52
Let x(f) = f**3 + 6*f**2 + 7*f + 12. Let o be x(-5). Suppose 4 = j - 0*j, o*n - 48 = 2*j. What is the greatest common factor of n and 224?
28
Suppose -2*s - 3*z = 2*s - 273, -s + z + 77 = 0. Let g = -48 + s. What is the greatest common factor of g and 72?
24
Let o = -61 - -64. Suppose o*i + 3*d = 25 + 20, -3*d = -5*i + 75. Calculate the greatest common factor of i and 105.
15
Let i = 7 + -2. Suppose d + 9*j - 19 = 7*j, -5*d - j = -77. What is the greatest common factor of i and d?
5
Let b(m) = -3*m + 3. Let l be b(-8). Suppose 4*i = 5*i + 3, 0 = -3*j + i + 3. Suppose -945 = -j*h - 7*h. Calculate the greatest common factor of l and h.
27
Suppose -3*c + 4 = 2*j - 0*c, -5*c = 2*j + 4. Suppose 6*v - 279 = 105. Calculate the greatest common divisor of v and j.
8
Suppose -x = 3*l - 92, 4*l - 4*x - 70 = 26. Calculate the greatest common divisor of l and 29.
29
Let l = -2008 + 2026. Suppose -2*c + 360 = 2*c. Calculate the greatest common factor of l and c.
18
Suppose -3*o + 12 = o. Let i(s) = 3*s**2 + 2*s**2 - o - 4*s**2 + 4*s**2 - 8*s. Let j be i(-3). Calculate the highest common divisor of 6 and j.
6
Let a = 45 + -39. Suppose a*i - 88 = -2*i. Calculate the greatest common factor of 11 and i.
11
Let n = 39 + 42. Suppose 0 = z - 3*h - 39, 211 = 4*z - 2*h + h. What is the greatest common divisor of n and z?
27
Let c = -11 - -38. What is the greatest common divisor of c and 36?
9
Suppose 83 + 13 = 4*p. Suppose 437*m - 434*m - 48 = 0. Calculate the greatest common divisor of m and p.
8
Let b be ((-70)/(-3))/((-4)/(-60 + 0)). Calculate the highest common divisor of 50 and b.
50
Let f be (33/11)/(3/4). Suppose -a - 50 = -5*q, -50 = -8*q + 3*q - 4*a. Calculate the greatest common factor of f and q.
2
Let y be ((-2)/(-6))/(-6 + (-98991)/(-16497)). What is the highest common divisor of 47 and y?
47
Let n(o) = -17*o**2 + 3. Let i be n(2). Let m = -45 - i. What is the greatest common divisor of m and 10?
10
Let v(w) = 11 - 3*w**3 + 10 + 2*w**3 - 6. Let d be v(0). What is the highest common divisor of 15 and d?
15
Let l be (-7)/(49/(-21)) + 0. Calculate the greatest common factor of 135 and l.
3
Let a(p) = p**3 - 7*p + 6. Let h = 1 + 1. Let g be (-10)/(-4) + 3/h. Let z be a(g). What is the highest common factor of 14 and z?
14
Suppose 4121*f - 4117*f - 4224 = 0. What is the greatest common factor of 288 and f?
96
Suppose -3*h - 332 = -5*c, 3*c - 205 = -2*h - 2*h. Calculate the highest common factor of c and 1.
1
Let r be (-1)/((3/(-9))/((-4)/(-6))). Suppose 4 = -4*w, -2*g + r*w = -56 + 6. What is the greatest common divisor of 8 and g?
8
Suppose -4*j = -n + 6, -n - 3*n - 4*j = -4. Calculate the highest common divisor of 3 and n.
1
Let k(b) = -1 + 12 - b + 2*b. Let i be k(-8). Let p be ((-18)/(-4))/i*6. Calculate the highest common factor of 63 and p.
9
Let p = -60 + 70. Calculate the highest common factor of p and 190.
10
Suppose -18*c = -28*c + 320. Calculate the greatest common factor of 224 and c.
32
Let b = -21 + 21. Suppose 3*r + 15 = b, 5*r - 91 = -4*v + 4*r. Calculate the highest common factor of v and 168.
24
Let c = -2020 - -3398. Calculate the greatest common divisor of 26 and c.
26
Let d(g) = 6*g**2 + 9*g - 27. Let n be d(7). Let t be 448/3 - (-2)/3. Suppose -8*l + 3*l = -t. What is the greatest common divisor of n and l?
30
Let u(l) = 24*l + 68. Let n be u(0). Calculate the highest common factor of n and 748.
68
Let s be (-9)/(5 + -2) + 0. Let f(y) = -85*y - 3. Let a be f(s). Suppose a = 3*w - 18. Calculate the greatest common factor of w and 10.
10
Let k = 6 - 4. Suppose -4*j + k - 10 = 0. Let m = 7 + j. Calculate the greatest common divisor of m and 40.
5
Let z(o) = o**3 + 8*o**2 + 8*o + 10. Let w be z(-7). Suppose 4*d + w*i = 707, 5*i + 1 - 6 = 0. Let y = -17 + 39. What is the highest common divisor of d and y?
22
Let s be (-8)/(-12) - (-829)/3. Suppose 3*o - 35 - s = 0. Calculate the highest common divisor of o and 13.
13
Suppose -4*i = -2*i - 2*s - 160, 0 = -i + 5*s + 60. Suppose 10*j - 30 = 5*j. Suppose -i = -j*t - 31. What is the highest common divisor of t and 9?
9
Let t be -57*1*(-4)/6. Suppose -19*b = 3*d - 14*b - 300, -365 = -4*d + 5*b. Calculate the greatest common divisor of d and t.
19
Let s(m) = m**3 - 15*m**2 - 13*m + 6. Let v be s(16). What is the highest common factor of v and 36?
18
Suppose -12*k + 2668 = 4*a - 10*k, -1322 = -2*a + 5*k. Calculate the greatest common divisor of 36 and a.
18
Let i be ((-16)/(-36))/(-2) - (-480)/(-27). Let v = 81 + i. Calculate the greatest common divisor of v and 9.
9
Let w = -22 + 25. Let a(y) = 2*y - w*y + 9 + 2*y. Let t be a(-8). What is the greatest common factor of t and 1?
1
Suppose -17*c = -21*c - 160. Let n be (0 - -3)*c/(-3). Calculate the greatest common divisor of 160 and n.
40
Suppose 3*l = 12*l - 36. Suppose 40 = 3*x - 3*d - 95, -3*d = l*x - 215. What is the greatest common factor of x and 25?
25
Let d = -12 - 20. Let h = -31 - d. Suppose -18 = -4*o - 3*a + 3, 0 = -o - 2*a - h. Calculate the greatest common divisor of 18 and o.
9
Suppose -3*z + 5*z - 4*h - 10 = 0, -3*z = -5*h - 12. Let a be 14*(0 + (0 - z)). What is the greatest common divisor of a and 98?
14
Suppose 0 = x - 5*h - 148, 264 = 2*x - 4*h - 56. Calculate the greatest common divisor of 24 and x.
24
Suppose -5*r - 372 = -1452. Calculate the highest common divisor of r and 27.
27
Suppose -6 = 2*z, -12 = m + 2*z + 3*z. Suppose 0*d + 2*d - 125 = -m*p, -59 = -p - 5*d. What is the highest common factor of 13 and p?
13
Let n = 3 + 3. Let p(m) = m**3 - 90*m**2 - m + 123. Let j be p(90). What is the highest common divisor of j and n?
3
Let d be 38/95 - (-28)/5. Calculate the highest common factor of d and 3.
3
Suppose w = 72 + 26. Let k(o) = -5*o - 41. Let a(g) = -g**3 + 12*g**2 - 11. Let p be a(12). Let d be k(p). What is the greatest common divisor of w and d?
14
Suppose -p + 5*p = -i + 96, -4*p = -2*i - 96. Let a be 72/54*(1/1 + 5). What is the greatest common factor of a and p?
8
Let w = -14 - -17. Suppose -3*n - 2*n + 31 = 3*c, 3*n - 2